{"id":6,"date":"2020-11-24T21:32:26","date_gmt":"2020-11-24T20:32:26","guid":{"rendered":"https:\/\/theatromega.fr\/?page_id=6"},"modified":"2021-03-11T17:18:45","modified_gmt":"2021-03-11T16:18:45","slug":"accueil","status":"publish","type":"page","link":"https:\/\/theatromega.fr\/","title":{"rendered":"Accueil"},"content":{"rendered":"\n<div class=\"wp-block-uagb-advanced-heading uagb-block-8b33864a\"><h1 class=\"uagb-heading-text\">Bienvenue chez Th\u00e9\u00e2tr&rsquo;Om\u00e9ga !<\/h1><div class=\"uagb-separator-wrap\"><div class=\"uagb-separator\"><\/div><\/div><p class=\"uagb-desc-text\"><\/p><\/div>\n\n\n\n<div style=\"height:78px\" aria-hidden=\"true\" class=\"wp-block-spacer\"><\/div>\n\n\n\n<div class=\"wp-block-image\"><figure class=\"aligncenter size-large\"><img loading=\"lazy\" decoding=\"async\" width=\"1024\" height=\"698\" src=\"https:\/\/theatromega.fr\/wp-content\/uploads\/2021\/03\/palmyra-2026405_1280-1-1024x698.png\" alt=\"\" class=\"wp-image-94\" srcset=\"https:\/\/theatromega.fr\/wp-content\/uploads\/2021\/03\/palmyra-2026405_1280-1-1024x698.png 1024w, https:\/\/theatromega.fr\/wp-content\/uploads\/2021\/03\/palmyra-2026405_1280-1-300x205.png 300w, https:\/\/theatromega.fr\/wp-content\/uploads\/2021\/03\/palmyra-2026405_1280-1-768x524.png 768w, https:\/\/theatromega.fr\/wp-content\/uploads\/2021\/03\/palmyra-2026405_1280-1-100x68.png 100w, https:\/\/theatromega.fr\/wp-content\/uploads\/2021\/03\/palmyra-2026405_1280-1-150x102.png 150w, https:\/\/theatromega.fr\/wp-content\/uploads\/2021\/03\/palmyra-2026405_1280-1-200x136.png 200w, https:\/\/theatromega.fr\/wp-content\/uploads\/2021\/03\/palmyra-2026405_1280-1-450x307.png 450w, https:\/\/theatromega.fr\/wp-content\/uploads\/2021\/03\/palmyra-2026405_1280-1-600x409.png 600w, https:\/\/theatromega.fr\/wp-content\/uploads\/2021\/03\/palmyra-2026405_1280-1-900x614.png 900w, https:\/\/theatromega.fr\/wp-content\/uploads\/2021\/03\/palmyra-2026405_1280-1.png 1280w\" sizes=\"(max-width: 1024px) 100vw, 1024px\" \/><\/figure><\/div>\n\n\n\n<div style=\"height:92px\" aria-hidden=\"true\" class=\"wp-block-spacer\"><\/div>\n\n\n\n<div class=\"wp-block-uagb-blockquote uagb-blockquote__outer-wrap uagb-block-f19b954e\"><div class=\"uagb-blockquote__wrap uagb-blockquote__skin-quotation uagb-blockquote__align-right uagb-blockquote__style-style_1 uagb-blockquote__stack-img-none\"><blockquote class=\"uagb-blockquote\"><div class=\"uagb-blockquote__icon-wrap\"><span class=\"uagb-blockquote__icon\"><svg width=\"20\" height=\"20\" viewbox=\"0 0 32 32\"><path d=\"M7.031 14c3.866 0 7 3.134 7 7s-3.134 7-7 7-7-3.134-7-7l-0.031-1c0-7.732 6.268-14 14-14v4c-2.671 0-5.182 1.040-7.071 2.929-0.364 0.364-0.695 0.751-0.995 1.157 0.357-0.056 0.724-0.086 1.097-0.086zM25.031 14c3.866 0 7 3.134 7 7s-3.134 7-7 7-7-3.134-7-7l-0.031-1c0-7.732 6.268-14 14-14v4c-2.671 0-5.182 1.040-7.071 2.929-0.364 0.364-0.695 0.751-0.995 1.157 0.358-0.056 0.724-0.086 1.097-0.086z\"><\/path><\/svg><\/span><\/div><div class=\"uagb-blockquote__content-wrap\"><div class=\"uagb-blockquote__content\">Le monde entier est un th\u00e9\u00e2tre<\/div><footer><div class=\"uagb-blockquote__author-wrap uagb-blockquote__author-at-right\"><div class=\"uagb-blockquote__author-image\"><img decoding=\"async\" class=\"\" src=\"https:\/\/theatromega.fr\/wp-content\/uploads\/2020\/11\/images-2-150x150.png\" alt=\"\"\/><\/div><cite class=\"uagb-blockquote__author\">William Shakespeare<\/cite><\/div><\/footer><\/div><\/blockquote><\/div><\/div>\n\n\n\n<p><\/p>\n","protected":false},"excerpt":{"rendered":"","protected":false},"author":2,"featured_media":0,"parent":0,"menu_order":0,"comment_status":"closed","ping_status":"closed","template":"","meta":{"_uag_custom_page_level_css":"","footnotes":""},"class_list":["post-6","page","type-page","status-publish","hentry"],"yoast_head":"<!-- This site is optimized with the Yoast SEO plugin v24.9 - https:\/\/yoast.com\/wordpress\/plugins\/seo\/ -->\n<title>Accueil - Th\u00e9atr&#039;omega<\/title>\n<meta name=\"robots\" content=\"index, follow, max-snippet:-1, max-image-preview:large, max-video-preview:-1\" \/>\n<link rel=\"canonical\" href=\"https:\/\/theatromega.fr\/\" \/>\n<meta property=\"og:locale\" content=\"fr_FR\" \/>\n<meta property=\"og:type\" content=\"article\" \/>\n<meta property=\"og:title\" content=\"Accueil - Th\u00e9atr&#039;omega\" \/>\n<meta property=\"og:url\" content=\"https:\/\/theatromega.fr\/\" \/>\n<meta property=\"og:site_name\" content=\"Th\u00e9atr&#039;omega\" \/>\n<meta property=\"article:modified_time\" content=\"2021-03-11T16:18:45+00:00\" \/>\n<meta property=\"og:image\" content=\"https:\/\/theatromega.fr\/wp-content\/uploads\/2021\/03\/palmyra-2026405_1280-1-1024x698.png\" \/>\n<meta name=\"twitter:card\" content=\"summary_large_image\" \/>\n<meta name=\"twitter:label1\" content=\"Dur\u00e9e de lecture estim\u00e9e\" \/>\n\t<meta name=\"twitter:data1\" content=\"1 minute\" \/>\n<script type=\"application\/ld+json\" class=\"yoast-schema-graph\">{\"@context\":\"https:\/\/schema.org\",\"@graph\":[{\"@type\":\"WebPage\",\"@id\":\"https:\/\/theatromega.fr\/\",\"url\":\"https:\/\/theatromega.fr\/\",\"name\":\"Accueil - Th\u00e9atr&#039;omega\",\"isPartOf\":{\"@id\":\"https:\/\/theatromega.fr\/#website\"},\"primaryImageOfPage\":{\"@id\":\"https:\/\/theatromega.fr\/#primaryimage\"},\"image\":{\"@id\":\"https:\/\/theatromega.fr\/#primaryimage\"},\"thumbnailUrl\":\"https:\/\/theatromega.fr\/wp-content\/uploads\/2021\/03\/palmyra-2026405_1280-1-1024x698.png\",\"datePublished\":\"2020-11-24T20:32:26+00:00\",\"dateModified\":\"2021-03-11T16:18:45+00:00\",\"breadcrumb\":{\"@id\":\"https:\/\/theatromega.fr\/#breadcrumb\"},\"inLanguage\":\"fr-FR\",\"potentialAction\":[{\"@type\":\"ReadAction\",\"target\":[\"https:\/\/theatromega.fr\/\"]}]},{\"@type\":\"ImageObject\",\"inLanguage\":\"fr-FR\",\"@id\":\"https:\/\/theatromega.fr\/#primaryimage\",\"url\":\"https:\/\/theatromega.fr\/wp-content\/uploads\/2021\/03\/palmyra-2026405_1280-1.png\",\"contentUrl\":\"https:\/\/theatromega.fr\/wp-content\/uploads\/2021\/03\/palmyra-2026405_1280-1.png\",\"width\":1280,\"height\":873},{\"@type\":\"BreadcrumbList\",\"@id\":\"https:\/\/theatromega.fr\/#breadcrumb\",\"itemListElement\":[{\"@type\":\"ListItem\",\"position\":1,\"name\":\"Home\",\"item\":\"https:\/\/theatromega.fr\/\"},{\"@type\":\"ListItem\",\"position\":2,\"name\":\"Accueil\"}]},{\"@type\":\"WebSite\",\"@id\":\"https:\/\/theatromega.fr\/#website\",\"url\":\"https:\/\/theatromega.fr\/\",\"name\":\"Th\u00e9atr&#039;omega\",\"description\":\"\",\"publisher\":{\"@id\":\"https:\/\/theatromega.fr\/#organization\"},\"potentialAction\":[{\"@type\":\"SearchAction\",\"target\":{\"@type\":\"EntryPoint\",\"urlTemplate\":\"https:\/\/theatromega.fr\/?s={search_term_string}\"},\"query-input\":{\"@type\":\"PropertyValueSpecification\",\"valueRequired\":true,\"valueName\":\"search_term_string\"}}],\"inLanguage\":\"fr-FR\"},{\"@type\":\"Organization\",\"@id\":\"https:\/\/theatromega.fr\/#organization\",\"name\":\"Th\u00e9atr&#039;omega\",\"url\":\"https:\/\/theatromega.fr\/\",\"logo\":{\"@type\":\"ImageObject\",\"inLanguage\":\"fr-FR\",\"@id\":\"https:\/\/theatromega.fr\/#\/schema\/logo\/image\/\",\"url\":\"https:\/\/theatromega.fr\/wp-content\/uploads\/2020\/11\/Logo-V3-300100.png\",\"contentUrl\":\"https:\/\/theatromega.fr\/wp-content\/uploads\/2020\/11\/Logo-V3-300100.png\",\"width\":300,\"height\":100,\"caption\":\"Th\u00e9atr&#039;omega\"},\"image\":{\"@id\":\"https:\/\/theatromega.fr\/#\/schema\/logo\/image\/\"}}]}<\/script>\n<!-- \/ Yoast SEO plugin. -->","yoast_head_json":{"title":"Accueil - Th\u00e9atr&#039;omega","robots":{"index":"index","follow":"follow","max-snippet":"max-snippet:-1","max-image-preview":"max-image-preview:large","max-video-preview":"max-video-preview:-1"},"canonical":"https:\/\/theatromega.fr\/","og_locale":"fr_FR","og_type":"article","og_title":"Accueil - Th\u00e9atr&#039;omega","og_url":"https:\/\/theatromega.fr\/","og_site_name":"Th\u00e9atr&#039;omega","article_modified_time":"2021-03-11T16:18:45+00:00","og_image":[{"url":"https:\/\/theatromega.fr\/wp-content\/uploads\/2021\/03\/palmyra-2026405_1280-1-1024x698.png","type":"","width":"","height":""}],"twitter_card":"summary_large_image","twitter_misc":{"Dur\u00e9e de lecture estim\u00e9e":"1 minute"},"schema":{"@context":"https:\/\/schema.org","@graph":[{"@type":"WebPage","@id":"https:\/\/theatromega.fr\/","url":"https:\/\/theatromega.fr\/","name":"Accueil - Th\u00e9atr&#039;omega","isPartOf":{"@id":"https:\/\/theatromega.fr\/#website"},"primaryImageOfPage":{"@id":"https:\/\/theatromega.fr\/#primaryimage"},"image":{"@id":"https:\/\/theatromega.fr\/#primaryimage"},"thumbnailUrl":"https:\/\/theatromega.fr\/wp-content\/uploads\/2021\/03\/palmyra-2026405_1280-1-1024x698.png","datePublished":"2020-11-24T20:32:26+00:00","dateModified":"2021-03-11T16:18:45+00:00","breadcrumb":{"@id":"https:\/\/theatromega.fr\/#breadcrumb"},"inLanguage":"fr-FR","potentialAction":[{"@type":"ReadAction","target":["https:\/\/theatromega.fr\/"]}]},{"@type":"ImageObject","inLanguage":"fr-FR","@id":"https:\/\/theatromega.fr\/#primaryimage","url":"https:\/\/theatromega.fr\/wp-content\/uploads\/2021\/03\/palmyra-2026405_1280-1.png","contentUrl":"https:\/\/theatromega.fr\/wp-content\/uploads\/2021\/03\/palmyra-2026405_1280-1.png","width":1280,"height":873},{"@type":"BreadcrumbList","@id":"https:\/\/theatromega.fr\/#breadcrumb","itemListElement":[{"@type":"ListItem","position":1,"name":"Home","item":"https:\/\/theatromega.fr\/"},{"@type":"ListItem","position":2,"name":"Accueil"}]},{"@type":"WebSite","@id":"https:\/\/theatromega.fr\/#website","url":"https:\/\/theatromega.fr\/","name":"Th\u00e9atr&#039;omega","description":"","publisher":{"@id":"https:\/\/theatromega.fr\/#organization"},"potentialAction":[{"@type":"SearchAction","target":{"@type":"EntryPoint","urlTemplate":"https:\/\/theatromega.fr\/?s={search_term_string}"},"query-input":{"@type":"PropertyValueSpecification","valueRequired":true,"valueName":"search_term_string"}}],"inLanguage":"fr-FR"},{"@type":"Organization","@id":"https:\/\/theatromega.fr\/#organization","name":"Th\u00e9atr&#039;omega","url":"https:\/\/theatromega.fr\/","logo":{"@type":"ImageObject","inLanguage":"fr-FR","@id":"https:\/\/theatromega.fr\/#\/schema\/logo\/image\/","url":"https:\/\/theatromega.fr\/wp-content\/uploads\/2020\/11\/Logo-V3-300100.png","contentUrl":"https:\/\/theatromega.fr\/wp-content\/uploads\/2020\/11\/Logo-V3-300100.png","width":300,"height":100,"caption":"Th\u00e9atr&#039;omega"},"image":{"@id":"https:\/\/theatromega.fr\/#\/schema\/logo\/image\/"}}]}},"uagb_featured_image_src":{"full":false,"thumbnail":false,"medium":false,"medium_large":false,"large":false,"1536x1536":false,"2048x2048":false,"responsive-100":false,"responsive-150":false,"responsive-200":false,"responsive-300":false,"responsive-450":false,"responsive-600":false,"responsive-900":false},"uagb_author_info":{"display_name":"Florian Baussand","author_link":"https:\/\/theatromega.fr\/?author=2"},"uagb_comment_info":0,"uagb_excerpt":null,"_links":{"self":[{"href":"https:\/\/theatromega.fr\/index.php?rest_route=\/wp\/v2\/pages\/6"}],"collection":[{"href":"https:\/\/theatromega.fr\/index.php?rest_route=\/wp\/v2\/pages"}],"about":[{"href":"https:\/\/theatromega.fr\/index.php?rest_route=\/wp\/v2\/types\/page"}],"author":[{"embeddable":true,"href":"https:\/\/theatromega.fr\/index.php?rest_route=\/wp\/v2\/users\/2"}],"replies":[{"embeddable":true,"href":"https:\/\/theatromega.fr\/index.php?rest_route=%2Fwp%2Fv2%2Fcomments&post=6"}],"version-history":[{"count":5,"href":"https:\/\/theatromega.fr\/index.php?rest_route=\/wp\/v2\/pages\/6\/revisions"}],"predecessor-version":[{"id":96,"href":"https:\/\/theatromega.fr\/index.php?rest_route=\/wp\/v2\/pages\/6\/revisions\/96"}],"wp:attachment":[{"href":"https:\/\/theatromega.fr\/index.php?rest_route=%2Fwp%2Fv2%2Fmedia&parent=6"}],"curies":[{"name":"wp","href":"https:\/\/api.w.org\/{rel}","templated":true}]}}